est common divisor of x and 104.
13
Let x be (66/(-44))/(2/(-8)). Let a = -69 + 73. What is the highest common divisor of a and x?
2
Suppose 119 - 7 = 8*w. Suppose -j + 164 + 60 = 0. Suppose -j = z - 3*z. Calculate the highest common factor of z and w.
14
Let m(x) = 2*x + 1. Let u(r) = -4*r - 1. Let t(d) = 7*m(d) + 4*u(d). Let g be t(3). Let k be 100/g*6/(-4). What is the highest common divisor of 10 and k?
10
Let k(r) = r**2 - 11*r + 12. Let l be k(10). Suppose -5*p + 4*j + 137 = 0, -l*p = 6*j - j - 35. What is the greatest common divisor of p and 250?
25
Suppose -n - 532 = -3*u, -4*u = -u - 2*n - 536. What is the highest common factor of 66 and u?
22
Let r = -3 - 1. Let o be (r/10)/(-1)*10. Suppose 2*z + 0 = -5*u + 74, -o*z = u - 112. What is the greatest common factor of 18 and z?
9
Let r = 684 - 277. What is the greatest common divisor of r and 11?
11
Let z(h) = 11*h**2 - 3*h - 2. Let g(n) = -32*n**2 + 9*n + 6. Let s(b) = 2*g(b) + 7*z(b). Let j be s(-2). Calculate the highest common factor of j and 8.
8
Let h = -867 + 897. Suppose -20 = -4*v - v. Let c be (-340)/(-35) + v/14. Calculate the greatest common divisor of c and h.
10
Let w = 472 + 1. Calculate the greatest common factor of 55 and w.
11
Let s be (1 - 156/6)*-1. Calculate the greatest common divisor of 475 and s.
25
Suppose 4*u = 4, v + 3*u = -v + 267. Suppose f - 3*m + 340 = 5*f, 5*m = 2*f - 196. Calculate the highest common factor of f and v.
44
Let a(c) = c**3 + 2*c**2 - 5*c + 224. Let o be a(0). What is the highest common factor of o and 7?
7
Suppose -4*w + 12 = -w. Let f be 24/(-10)*(2 + 3). Let r = f + 28. Calculate the greatest common divisor of w and r.
4
Suppose 0 = -3*c + 4*x + 137 + 114, 2*c + 3*x = 156. Let d = 200 - c. What is the highest common factor of 17 and d?
17
Let a(d) = 47*d**2 - 5*d + 4. Let o be a(2). Let x = 490 - o. Calculate the greatest common divisor of 28 and x.
28
Let z be (-363)/(-77) - (-4)/14. Suppose 0 = h - 5*y + 19, 0 = -4*h + z*y - 0 - 1. Calculate the greatest common divisor of 42 and h.
6
Let i be ((-126)/147)/(1168/1169 - 1). Calculate the highest common factor of i and 12.
6
Suppose 4*g = 13*g - 54. Suppose -14 - 4 = -3*w. What is the greatest common factor of g and w?
6
Suppose 4*v = 4*a + 4, -8*v = -4*v + 3*a - 25. Suppose b + 24 = v*b. Let l(c) = -c + 12. Let z be l(0). What is the greatest common factor of z and b?
4
Let j(y) = y + 10. Let w be j(11). Let d be -1 - ((-2)/(6/513) + 2). What is the highest common divisor of w and d?
21
Let d be 9/162*-6*-6. Calculate the highest common factor of 34 and d.
2
Let l = 30 + -22. Suppose 3*m = -l + 80. Calculate the greatest common divisor of 3 and m.
3
Let c(z) = 84*z - 61. Let f be c(8). Calculate the greatest common factor of 94 and f.
47
Let d = -228 - -240. What is the highest common divisor of d and 1164?
12
Let g be 10/30*(-6)/(-2). Suppose 0 = z - 21 - g. Calculate the greatest common factor of 22 and z.
22
Let g = -48 + 200. Let x = -138 + g. Calculate the greatest common divisor of x and 4.
2
Let x be (-2)/5 + 724/10. Let w be (4/(-14))/((-6)/42). Suppose 0 = -4*h + 3*v + 2*v + 31, -w*h + 14 = -4*v. What is the highest common divisor of h and x?
9
Let y = 356 + -48. What is the greatest common factor of 88 and y?
44
Suppose -67*w - 4*n - 304 = -69*w, -4*n = 4*w - 656. Let d = -18 + 34. What is the highest common divisor of d and w?
16
Let a = 21 + -15. Suppose -j - 175 = -a*j. Suppose 525 = 5*h - 0*h. Calculate the greatest common factor of j and h.
35
Suppose -31 = -4*o + 161. What is the highest common factor of 6 and o?
6
Let b be 5 - 24/((-1)/((-6)/(-9))). Suppose c = -3*c + 924. Calculate the greatest common factor of c and b.
21
Let v = 35 - 28. Suppose v*f + 15 - 141 = 0. Let z = 14 + 13. What is the highest common divisor of z and f?
9
Let j be -1 + -2 + 0 - (-44 - -20). What is the highest common divisor of 63 and j?
21
Let f be (-220)/(-66)*(-12)/(-10). Suppose -v - 38 = -3*d + f*v, 25 = 5*v. What is the greatest common divisor of 231 and d?
21
Suppose 0 = 4*y - 2*y - 4. Let b(q) = -4*q**3 - 18*q**2 + 14*q + 46. Let m be b(-5). Calculate the greatest common divisor of m and y.
2
Let k(z) = 25*z**2 - 4*z - 2. Let m be k(-1). Calculate the highest common factor of 837 and m.
27
Let t(s) = 10*s**2. Let m be t(1). Suppose 5*c + 3*r = -2*r + 55, 2*r = 2. What is the highest common divisor of c and m?
10
Let r(p) = -p. Let c be r(-14). Calculate the greatest common factor of 26 and c.
2
Suppose 0 = -g - 2*l + 21, 4*g + 0*l - 57 = l. Let w(z) = z + g - 7 + 6. Let f be w(-6). Calculate the greatest common divisor of 64 and f.
8
Let g = 20 + -12. Let a(w) = -4*w - w**3 + 16*w - 56 - 8*w + 20*w**2. Let l be a(20). What is the highest common divisor of l and g?
8
Let f be 969/3 - 13/(52/16). Calculate the highest common factor of f and 116.
29
Suppose -2*z + 7*w = 2*w - 138, z + 4*w - 82 = 0. Calculate the highest common divisor of z and 259.
37
Let f be (-513)/(-12) + 9/(-12). Let z = f - -18. Calculate the highest common divisor of z and 15.
15
Let g(u) = -u**3 + 11*u**2 - 10*u + 12. Let o be g(10). Let t be 5/30 + 358/o. Suppose -20 - t = -m. What is the greatest common factor of 25 and m?
25
Let g(p) = -p**3 + p**2 + p + 17. Let w be g(0). Let t(m) = -m**2 - 111*m - 411. Let q be t(-106). Calculate the greatest common divisor of w and q.
17
Suppose -5*f + 3 = -12. Suppose f*l - 63 = 42. What is the greatest common factor of l and 140?
35
Let i be 684/190*(-1)/(4/(-10)). What is the highest common factor of 72 and i?
9
Let s be (-245 - -247)*7/(-2)*-1. What is the greatest common factor of 4 and s?
1
Let v be 64 + -33 - (0 - 10). What is the highest common factor of v and 533?
41
Suppose -20*x = c - 15*x - 431, -c = -2*x - 396. What is the highest common divisor of c and 84?
14
Let m be (-6)/(-21) + (-3504)/14. Let v be (2 - m) + -2 + 2. Suppose 4*b = 4*z + v, 2*b - 3*z = 6*b - 252. Calculate the greatest common divisor of b and 9.
9
Let s = 2 - -24. Suppose 0 = -37*i + 36*i + 234. What is the highest common divisor of i and s?
26
Let r(i) = -67*i**3 + 5*i**2 + 7*i + 2. Let q be r(-2). Calculate the highest common factor of q and 32.
32
Let g be 10 + -55*(-19 - -13). Calculate the greatest common divisor of g and 119.
17
Let m = -143 - -147. Calculate the greatest common divisor of m and 32.
4
Let k = 134 + -84. Suppose 0*s = 3*s. Suppose z - 1 - 9 = s. Calculate the greatest common factor of z and k.
10
Let b(n) = 4*n**2 - 12*n + 5. Let u be b(5). What is the greatest common factor of 5 and u?
5
Let c be (-3 - -6)*2/3. Suppose -y - 2 = -v, 2*y - 1 - 4 = -v. Suppose -c*i = v*f + 7, -5*f + i = 6*i + 20. Calculate the highest common divisor of f and 7.
1
Let y(p) = -p**3 + 15*p**2 - 15*p + 12. Let t be y(14). Let g be 6/3 + -2 - t. Let r be -4*(-4)/(-16)*-1. What is the greatest common factor of g and r?
1
Let t(z) = z**3 - 6*z**2 - 4*z + 8. Let q be t(6). Let n = -12 - q. Let s be (2*(-4)/6)/((-1)/9). What is the highest common factor of s and n?
4
Let k = -5 - -8. Suppose -4*b = -k*b - 4. Let a(d) = -3*d + 3. Let s be a(-11). What is the greatest common factor of b and s?
4
Let k be (-136)/(-17) + (1254 - -2). What is the highest common divisor of 237 and k?
79
Let w(i) = 277*i**2 - 21*i - 19. Let y be w(-1). Calculate the greatest common factor of 31 and y.
31
Let r be (53 - 39)/((-10)/12 - -1). What is the highest common factor of r and 140?
28
Let z(k) = -3*k + 76. Let x be z(25). Calculate the greatest common factor of x and 3.
1
Suppose 3*r - 4*h - 509 = 0, -2*h - 3*h - 508 = -3*r. Let w be (168/(-32) - -5)*-76. Calculate the greatest common factor of r and w.
19
Suppose 246*q - 10 = 244*q. Suppose 0*b = -b + 18. Let l be (18/q)/(b/840). Calculate the greatest common divisor of 21 and l.
21
Let y be ((-356)/89)/((-8)/6). Suppose -w - 3*w - 5*d + 195 = 0, -4*w + 174 = -2*d. Calculate the greatest common factor of w and y.
3
Suppose -3*w - 48 = -240. Let l(d) = -29*d + 66. Let z be l(2). Calculate the greatest common divisor of w and z.
8
Suppose 46*k - 1336 = 688. What is the greatest common divisor of k and 792?
44
Suppose -3*g + 16 = -14. Suppose 0 = 4*o - 6*o + 10. Suppose o*k + 3*h = 116, -k + 3*k - 56 = 2*h. What is the greatest common divisor of g and k?
5
Let l(q) 